{"id":24,"date":"2021-03-11T08:45:57","date_gmt":"2021-03-11T07:45:57","guid":{"rendered":"https:\/\/propowernet.ferit.hr\/?page_id=24"},"modified":"2025-01-15T09:39:13","modified_gmt":"2025-01-15T08:39:13","slug":"projektni-tim","status":"publish","type":"page","link":"https:\/\/propowernet.ferit.hr\/index.php\/projektni-tim\/","title":{"rendered":"PROJEKTNI TIM"},"content":{"rendered":"\n<div class=\"wp-block-group\"><div class=\"wp-block-group__inner-container is-layout-flow wp-block-group-is-layout-flow\">\n<div class=\"wp-block-group\"><div class=\"wp-block-group__inner-container is-layout-flow wp-block-group-is-layout-flow\">\n<div class=\"wp-block-columns is-layout-flex wp-container-core-columns-is-layout-9d6595d7 wp-block-columns-is-layout-flex\">\n<div class=\"wp-block-column is-layout-flow wp-block-column-is-layout-flow\" style=\"flex-basis:100%\">\n<div class=\"wp-block-group\"><div class=\"wp-block-group__inner-container is-layout-flow wp-block-group-is-layout-flow\">\n<div class=\"wp-block-group\"><div class=\"wp-block-group__inner-container is-layout-flow wp-block-group-is-layout-flow\">\n<p> Izv. prof. dr. sc. GORAN KNE\u017dEVI\u0106 &#8211; voditelj projekta<\/p>\n<\/div><\/div>\n<\/div><\/div>\n<\/div>\n<\/div>\n<\/div><\/div>\n<\/div><\/div>\n\n\n\n<p>  Izv. prof. dr. sc. KRE\u0160IMIR FEKETE &#8211; izvanredni profesor <\/p>\n\n\n\n<div class=\"wp-block-group\"><div class=\"wp-block-group__inner-container is-layout-flow wp-block-group-is-layout-flow\">\n<p>  Izv. prof. dr. sc. DANIJEL TOPI\u0106 &#8211; izvanredni profesor <\/p>\n\n\n\n<p><\/p>\n<\/div><\/div>\n\n\n\n<p>dr. sc. MARIO PRIMORAC &#8211; stru\u010dni savjetnik<\/p>\n\n\n\n<p>dr. sc. MATEJ \u017dNIDAREC &#8211; vi\u0161i asistent<\/p>\n\n\n\n<p>dr. sc. RU\u017dICA KLJAJI\u0106 &#8211; asistent<\/p>\n\n\n\n<p>dr. sc. NEMANJA MI\u0160LJENOVI\u0106 &#8211; asistent<\/p>\n\n\n\n<p>HEIDI ADRI\u0106, univ. mag. ing. el. &#8211; asistent <\/p>\n\n\n\n<p>MARINA DUBRAVAC, univ. mag. ing. el. &#8211; asistent <\/p>\n\n\n\n<p>SANJA KELEMEN, univ. mag. ing. el. &#8211; asistent <\/p>\n","protected":false},"excerpt":{"rendered":"<div class=\"slide-text-bg2\"><span>Izv. prof. dr. sc. GORAN KNE\u017dEVI\u0106 &#8211; voditelj projekta Izv. prof. dr. sc. KRE\u0160IMIR FEKETE &#8211; izvanredni profesor Izv. prof. dr. sc. DANIJEL TO<\/span><\/div>\n<div class=\"slide-btn-area-sm\"><a href=\"https:\/\/propowernet.ferit.hr\/index.php\/projektni-tim\/\" class=\"slide-btn-sm\">Pro\u010ditaj vi\u0161e<\/a><\/div>\n","protected":false},"author":1,"featured_media":0,"parent":0,"menu_order":0,"comment_status":"closed","ping_status":"closed","template":"fullwidth.php","meta":{"footnotes":""},"class_list":["post-24","page","type-page","status-publish","hentry"],"_links":{"self":[{"href":"https:\/\/propowernet.ferit.hr\/index.php\/wp-json\/wp\/v2\/pages\/24","targetHints":{"allow":["GET"]}}],"collection":[{"href":"https:\/\/propowernet.ferit.hr\/index.php\/wp-json\/wp\/v2\/pages"}],"about":[{"href":"https:\/\/propowernet.ferit.hr\/index.php\/wp-json\/wp\/v2\/types\/page"}],"author":[{"embeddable":true,"href":"https:\/\/propowernet.ferit.hr\/index.php\/wp-json\/wp\/v2\/users\/1"}],"replies":[{"embeddable":true,"href":"https:\/\/propowernet.ferit.hr\/index.php\/wp-json\/wp\/v2\/comments?post=24"}],"version-history":[{"count":32,"href":"https:\/\/propowernet.ferit.hr\/index.php\/wp-json\/wp\/v2\/pages\/24\/revisions"}],"predecessor-version":[{"id":492,"href":"https:\/\/propowernet.ferit.hr\/index.php\/wp-json\/wp\/v2\/pages\/24\/revisions\/492"}],"wp:attachment":[{"href":"https:\/\/propowernet.ferit.hr\/index.php\/wp-json\/wp\/v2\/media?parent=24"}],"curies":[{"name":"wp","href":"https:\/\/api.w.org\/{rel}","templated":true}]}}